r?
True
Suppose -t + 1 = -1. Let x be t + (0/(-1))/3. Suppose 0 = x*i - 0*i - 70. Is i composite?
True
Is 79324/17 + -3 + (-2)/17 a prime number?
True
Suppose -6 = -3*g - 0. Is 1/((-381)/191 + g) a composite number?
False
Let o = 160 - -112. Let r be (5/10)/((-2)/(-140)). Let m = r + o. Is m composite?
False
Let f(l) = -436*l**3 + 8*l**2 + 4*l - 1. Is f(-2) prime?
True
Suppose 3*b = 12*b - 45. Suppose 3665 = b*v - 7140. Is v a prime number?
True
Let q(s) = -s**3 + s**2 + s - 4. Let f be q(3). Suppose 7*y - 6*y = -38. Let k = f - y. Is k a composite number?
False
Let x = 6 + -6. Let u be x/(2 + 1) - -226. Suppose -4*j = -2*j - u. Is j a composite number?
False
Suppose -4*h - 4 = 0, 5*o - 2*o + 4*h - 770 = 0. Let c = -47 + o. Is c prime?
True
Suppose 314469 = 5*s + 4*k, 2*s = -5*k - 24859 + 150633. Is s composite?
False
Let u(h) = -3*h**2 - 99*h + 19. Is u(-22) a composite number?
True
Let w(l) = -29*l**3 - 18*l**2 - 2*l + 11. Is w(-6) a prime number?
True
Is -18 - -15 - (-46312 - 9) a composite number?
True
Suppose -2*o = 5*t - 22, 8*o - 3*o - t = 28. Let u be (4 - 27/o)*0. Suppose -805 = -u*m - 5*m. Is m composite?
True
Is (-1137342)/(-18) - 6/9 a composite number?
True
Let k(b) = 27*b - 22. Let d be k(7). Suppose x - 168 = -3*s - 2*x, 3*s - d = -2*x. Is s a composite number?
True
Suppose -234 = -f + 619. Suppose f = 4*r - 1767. Is r composite?
True
Let c(j) = 807*j**3 - 2*j**2 + 2*j + 5. Is c(2) a composite number?
True
Let t = 5 - 11. Let f(n) = n**3 + 7*n**2 + 9*n + 1. Let j be f(t). Is 4 + -1 + (3 - j) prime?
True
Let q(z) = 3*z**2 - 2*z - 2. Let j(w) = 6*w**2 - 5*w - 4. Let b(x) = 2*j(x) - 5*q(x). Let k be b(2). Is (188/(-10))/(k/25) composite?
False
Let d(l) = 8*l**2 - 4*l - 1. Let x be d(1). Suppose 0 = 4*m + 6 - 22. Suppose -x*a + m*a - 155 = 0. Is a a prime number?
False
Suppose 3*h = -12 + 9. Let v = h + 4. Suppose v*g - 1951 = -2*j, g - 4*j - 647 = -3*j. Is g a composite number?
True
Let k be 6/(1/4*6). Suppose 0 = k*p + p - 20. Is (2/(-6))/(p/(-2220)) a prime number?
False
Let v(x) = 2*x**3 - 7*x**2 - 4*x + 3. Let c be v(4). Suppose 1613 = o + c*o + 5*r, -o + 410 = -r. Is o composite?
True
Let c(v) = -4 + 0*v - 1 - v. Let w be c(-3). Is (7/14)/(w/(-196)) a composite number?
True
Suppose -3*m - 30465 = -2*q, -3*q - 2*m + 64752 = 19061. Is q composite?
True
Is 10321/(-4)*((-24)/3 - 0) a prime number?
False
Is (-3 + (4 - -3) - 0) + 4509 prime?
True
Let o(t) = 2*t**2 - 2*t - 1. Suppose 5*u = j + 2*j + 6, -j = -3. Suppose u*d + 0*d = 24. Is o(d) a composite number?
True
Let i(p) = p**3 - 32*p**2 - 63*p + 57. Is i(41) composite?
True
Let b(z) = -13*z - 139. Is b(-30) a prime number?
True
Let x = -21 - -49. Let t = x - -31. Is t prime?
True
Suppose -5*u + 2*z + 3161 = 0, -2*u - 114*z + 117*z + 1271 = 0. Is u composite?
False
Let h(m) = -104*m - 8. Let r be h(-8). Let v = 186 + 245. Let x = r + v. Is x a composite number?
True
Suppose 5*m - 5*p = 425050, 0 = 9*p - 8*p + 1. Is m a prime number?
True
Suppose j - 863 = 5*w, 0 = -5*j + 3*j + 4*w + 1726. Is j prime?
True
Let h(k) = 5*k - 4. Let r be h(-7). Let p = 14 - r. Is p composite?
False
Is ((-85764)/(-7) - 1)*3 a composite number?
True
Suppose -3*p + 4*b - 15 = b, -4*p - 5*b + 25 = 0. Suppose -3*a + 4*z + 6305 = 0, p = -a + 8*z - 3*z + 2120. Is a prime?
False
Is 3*(-23768)/(-12) - (-8 + 11) a prime number?
True
Suppose 3*m = 51 + 357. Let d = m + -52. Suppose -d = -8*u + 4*u. Is u a prime number?
False
Let n(y) be the second derivative of 245*y**4/4 + 3*y**3/2 + 13*y**2/2 - y + 1. Is n(-2) composite?
True
Suppose 49018 + 239959 = 13*m. Is m prime?
True
Suppose -2*q - 2*q + 16 = 4*c, 0 = -5*c. Is 1/(-2) - (-5910)/q prime?
False
Suppose -5*k = 3*l - 1115, 4*k - 300 = -3*l + 592. Suppose y = 2*y - k. Is y composite?
False
Suppose -3258 = -2*i + 4*u, -i - 2*u + 457 = -1188. Is i composite?
False
Is 555930/21 - (-28)/196 prime?
False
Let q be (-3)/(((-27)/12)/3). Suppose -q*n + 90 = n. Is (-2670)/n*3/(-1) a prime number?
False
Let l(g) = -g**3 - 2*g**2 - 1. Let o be l(-2). Let w = -6 - o. Is 3909/4 - w/(-20) a composite number?
False
Suppose 8 = -4*v, 2*j - v + 0 = 2. Let p be -3 + j + 450 + 3. Suppose -p = -s + 91. Is s prime?
True
Suppose -5*c = 4*d - 6*c - 59244, 3*d - 3*c - 44433 = 0. Is d composite?
True
Let b = 610 - 408. Is b a prime number?
False
Suppose 2*w = 3*w + 3*d - 129, -d = 4. Suppose -3*l - w = -624. Suppose -3*i = 3*g - 492, -g - 3*i = -i - l. Is g a prime number?
True
Suppose 3*b - 25 = 2*i, 3*b - 4*i - 1 - 34 = 0. Suppose -2*l + d + 8509 = 0, b*l = -d - 4*d + 21250. Is l prime?
True
Let h(m) = 13*m**2 + 40*m + 453. Is h(-44) a composite number?
True
Suppose -228 = -2*s + 72. Let a = 227 - s. Is a composite?
True
Let b be 1/(-4) + (-8)/(-32). Let r be (0/(b + 1))/3. Is (95 - (-3 + r))/2 prime?
False
Let q(s) = -7155*s - 4. Is q(-1) a composite number?
False
Let a(k) = k**3 - 18*k**2 - 9*k + 23. Is a(21) composite?
True
Suppose 0 = -5*b + 970 + 13155. Suppose 0 = 33*s - 28*s - b. Is s a composite number?
True
Let c(o) = 184*o**2 + 3*o - 16. Is c(3) a composite number?
True
Let j(n) = -n**3 - 7*n**2 + n + 1. Let d be (-3 + (-10)/(-3))*0. Suppose d = -f + i - 14, 4*f = i - 4 - 40. Is j(f) prime?
False
Let r(y) = -61*y - 1. Let z = -36 - -30. Is r(z) composite?
True
Suppose 16843 + 40581 = 16*g. Is g a prime number?
False
Let j be (6 - -2)*(-1)/(-2). Suppose 5*c + 6 = 3*d, j*d = -d - 4*c + 10. Suppose -3*m + 238 + 196 = u, d*m - 295 = 5*u. Is m a prime number?
False
Let r(z) = 259*z**2 + 2*z + 9. Let t be r(-3). Suppose -6*b + 1440 = -t. Is b a prime number?
False
Suppose 0 = -5*g + 23 - 8. Suppose -7*o = -g*o - 76. Is o composite?
False
Let r be 2 + 63 + -3 + 4. Suppose 9 + r = s. Let i = s - 8. Is i prime?
True
Is 57999/9 + 8/12 a composite number?
True
Suppose -5*o + 0*o + 2270 = 0. Suppose 0 = 2*i + 5*s - 311, 3*s + 2*s - o = -3*i. Is i a prime number?
False
Is 2 + 2 + 36132 + (-15 - -16) composite?
False
Let g be (2 - -1)/3 + -31. Let b = g + 34. Suppose 0 = b*t - 1768 - 1588. Is t composite?
False
Let u = 967 - 434. Is u a composite number?
True
Let z = -167 - -5246. Is z prime?
False
Let t be 190/(-3) + 4/12. Suppose 5*i - y + 136 = -5*y, -4*y = -4. Let j = i - t. Is j prime?
False
Let a(u) = -3*u + 1. Let w be a(-1). Suppose -4*t + 432 = -4*s, -4*t - 5*s = -w*s - 407. Is t a composite number?
False
Suppose 5*u - 84972 = -7*u. Is u composite?
True
Let l = 64516 + -19707. Is l composite?
False
Let g = -1467 - -2489. Let q = 1579 - g. Is q a prime number?
True
Let n = 299 + 1862. Is n composite?
False
Let m(l) = -19*l - 21. Let y be m(23). Let c = 431 - y. Is c prime?
False
Let q(s) = 15*s + 57. Let f be q(7). Let j = -2 - -4. Suppose 0 = 3*y + j*k + k - f, 0 = 4*y - k - 201. Is y prime?
False
Let q(f) = -f**3 - f**2 - 21*f + 7. Let w be q(9). Let u = w - -1583. Is u a prime number?
False
Let i(o) be the second derivative of 100*o**3/3 + 39*o**2/2 + o. Is i(4) prime?
True
Let i = 3721 + -2015. Suppose 4*w - 1670 = -3*h, -5*w = h - 4*h + i. Is h a prime number?
False
Suppose -6*j + 5*j + 883 = 0. Suppose -4*s - 3*x = -0*s - j, -4*s = 5*x - 877. Is s a composite number?
False
Let a(q) = q**2 + 2*q - 4. Let k be a(-4). Suppose -k*j - j + 25 = 0. Let f(n) = 2*n**2 - 3*n - 2. Is f(j) composite?
True
Let r(q) = q + 10. Let h be r(-2). Suppose -3*u = -2*n - 1591, -3*u + 2*n - 2673 = -h*u. Is u composite?
True
Suppose 3*y - 15 = -4*v, v - 1 = 4*y - 21. Let c(i) = i**2 - 5*i + 4. Let g be c(y). Suppose -g*d - 157 = -921. Is d a composite number?
False
Suppose -15*z + 65646 = 3*z. Is z prime?
False
Let y(j) = -7*j**2 + 12*j + 10. Suppose -3*r - 3*r - 42 = 0. Let v be y(r). Let z = v + 958. Is z prime?
True
Suppose 5*h - 1112 - 1493 = 0. Is h composite?
False
Suppose 28 = 4*g - c + 5*c, 4*c = g + 3. Suppose 0 = 3*p - 1 - g. Suppose 0 = -0*t + p*t - 46. Is t composite?
False
Let f(d) = -3 + 18*d + 6 + 1. Let q be f(9). Is ((-3 - -2) + 2)*q a prime number?
False
Suppose 106*t = 97*t + 261639. Is t prime?
False
Let y be (-25)/(-20)*10*-2. Let s be -1*15*120/y. Let w = 191 + s. Is w prime?
True
Let x(a) be the third derivative of 2*a**5/15 + a**4/12 - a**3/6 - 4*a**2. Let b be x(-5). Suppose -b = -2*h + 407. Is h prime?
False
Let p = 3074 - 1870. Let w be ((-4)/10*-5)/((-2)/(-3)). S